 of 1292 and 33492193.
323
Calculate the highest common factor of 282 and 2510682.
6
What is the greatest common factor of 38798 and 59546?
38
Calculate the greatest common factor of 8946 and 102627.
63
What is the highest common factor of 1830 and 20382357?
183
Calculate the greatest common factor of 11039 and 4468135.
133
Calculate the highest common factor of 1321106 and 3149.
67
What is the highest common divisor of 102 and 10143866?
34
What is the highest common divisor of 2622 and 4545789?
69
Calculate the greatest common factor of 725694 and 35550.
474
Calculate the greatest common divisor of 4802098 and 8854.
38
What is the highest common divisor of 51066612 and 4552?
2276
What is the highest common divisor of 7426 and 56337349?
3713
What is the greatest common divisor of 3012 and 176451243?
753
What is the greatest common divisor of 60 and 119058?
6
Calculate the highest common divisor of 22842379 and 147.
49
What is the highest common divisor of 2679848 and 41048?
5864
Calculate the highest common factor of 1353351 and 3249.
57
What is the greatest common factor of 520005 and 57?
3
What is the highest common divisor of 1001 and 2569385?
91
Calculate the highest common factor of 19027 and 6290941.
53
Calculate the greatest common factor of 24 and 354884.
4
What is the highest common divisor of 42208 and 704?
32
Calculate the highest common divisor of 3950 and 344120050.
3950
Calculate the highest common factor of 1041966 and 60642.
18
Calculate the highest common divisor of 26 and 1028344798.
26
Calculate the highest common divisor of 77303 and 2796352.
3361
What is the greatest common factor of 406814 and 2354?
214
Calculate the greatest common factor of 7294 and 1295014.
14
Calculate the greatest common factor of 616477840 and 436.
436
Calculate the highest common factor of 440 and 182505576.
88
Calculate the greatest common divisor of 18003 and 2892618.
51
What is the highest common divisor of 21121902 and 378?
18
What is the greatest common factor of 209 and 39204391?
19
Calculate the highest common factor of 380380 and 152893.
247
What is the greatest common factor of 8668 and 199446740?
788
What is the highest common factor of 7 and 16363151?
7
Calculate the greatest common divisor of 5 and 1591685.
5
What is the greatest common factor of 3640 and 8436792?
728
Calculate the highest common factor of 128691407 and 12415.
2483
What is the highest common factor of 128635 and 380?
5
What is the highest common factor of 86 and 86069746?
86
Calculate the highest common factor of 976813491 and 3309.
3309
Calculate the highest common factor of 1120 and 20739040.
1120
Calculate the highest common factor of 518540 and 275.
55
Calculate the greatest common divisor of 42 and 20466894.
42
Calculate the greatest common factor of 21604314 and 782.
782
What is the highest common divisor of 16598 and 14018?
86
What is the greatest common divisor of 78202 and 16008334?
1282
What is the greatest common divisor of 5179785 and 477345?
3945
Calculate the greatest common factor of 19 and 6532059191.
19
Calculate the highest common divisor of 534910 and 155.
5
What is the highest common factor of 3709282 and 19468?
314
What is the greatest common divisor of 7929 and 118206?
9
Calculate the highest common factor of 6 and 2567169.
3
Calculate the highest common divisor of 100188673 and 26.
13
What is the greatest common factor of 5325931382 and 874?
874
Calculate the greatest common factor of 4947 and 142118289.
291
Calculate the greatest common factor of 42 and 29372896.
14
Calculate the highest common divisor of 14004 and 52956.
36
Calculate the highest common divisor of 71761944 and 1149.
1149
Calculate the highest common divisor of 4263 and 1136800.
1421
What is the highest common divisor of 389340 and 29700?
540
Calculate the highest common divisor of 622300837 and 292.
73
Calculate the highest common factor of 146009625 and 6.
3
What is the highest common divisor of 12 and 400035?
3
What is the highest common factor of 212 and 41048129?
53
Calculate the highest common factor of 1415 and 22296155.
1415
Calculate the greatest common divisor of 14 and 184802639.
7
What is the greatest common divisor of 1968 and 11257616?
656
What is the greatest common factor of 5804 and 5370151?
1451
Calculate the greatest common divisor of 1142029031 and 143.
143
What is the greatest common divisor of 1529990836 and 176?
44
What is the greatest common factor of 654 and 18937442?
218
Calculate the greatest common factor of 10 and 323887750.
10
Calculate the greatest common factor of 804 and 14876412.
804
What is the highest common factor of 5061807 and 17127?
1557
What is the highest common factor of 329443668 and 18?
18
What is the greatest common factor of 11840 and 298608?
16
What is the greatest common divisor of 28902146 and 182?
182
Calculate the greatest common divisor of 12 and 234434796.
12
Calculate the highest common divisor of 2 and 194156234.
2
What is the greatest common divisor of 30582558 and 17?
17
Calculate the greatest common divisor of 2382363918 and 1089.
1089
Calculate the greatest common divisor of 12 and 175983.
3
Calculate the highest common factor of 108676 and 2918900.
404
What is the greatest common divisor of 2466205 and 34720?
1085
What is the greatest common divisor of 22885 and 18845?
5
What is the highest common factor of 866630 and 456620?
790
What is the greatest common divisor of 2085 and 24666245?
695
What is the greatest common divisor of 2145561 and 34207?
79
Calculate the greatest common factor of 1570863 and 2793.
399
Calculate the greatest common divisor of 196150 and 4225.
25
What is the highest common factor of 39 and 51566918?
13
Calculate the greatest common factor of 519622 and 1023468.
986
Calculate the greatest common divisor of 62 and 1237706.
62
What is the greatest common factor of 1704 and 1527068?
284
Calculate the greatest common divisor of 11963144 and 536.
8
What is the highest common divisor of 2045537 and 2119?
13
Calculate the greatest common factor of 123 and 9617739.
123
Calculate the greatest common factor of 4983841039 and 6473.
6473
What is the highest common factor of 5408924 and 4913?
289
Calculate the highest common divisor of 120401502 and 65.
13
Calculate the highest common divisor of 247 and 123063551.
247
Calculate the greatest common factor of 5796 and 617688.
828
What is the greatest common factor of 122650 and 13850?
50
Calculate the greatest common divisor of 125 and 2299235.
5
Calculate the greatest common factor of 25433595 and 93555.
13365
Calculate the highest common divisor of 1726 and 562802861.
863
What is the highest common divisor of 771 and 33268393?
257
What is the highest common divisor of 57482791 and 293?
293
What is the highest common divisor of 45600 and 29775?
75
What is the highest common divisor of 4050 and 30171150?
1350
What is the greatest common divisor of 51 and 67918944?
51
Calculate the greatest common factor of 37 and 38945571.
37
What is the greatest common factor of 35016670 and 145080?
4030
Calculate the greatest common divisor of 147919260 and 110.
10
What is the greatest common divisor of 217184292 and 468?
468
What is the highest common factor of 80 and 89722096?
16
Calculate the greatest common factor of 79007 and 7661.
47
What is the highest common factor of 500256 and 14058?
18
What is the greatest common factor of 146294486 and 238?
34
What is the highest common factor of 1944 and 11567286?
486
Calculate the greatest common factor of 2502 and 3505752.
18
What is the greatest common divisor of 357882 and 1890?
42
Calculate the greatest common divisor of 756 and 47766796.
28
What is the greatest common factor of 6670 and 1400010?
230
What is the greatest common divisor of 235 and 1071788?
47
Calculate the highest common factor of 18 and 910935.
9
What is the highest common divisor of 1776 and 6466284?
12
What is the highest common divisor of 91020 and 35520?
2220
What is the highest common factor of 22962 and 17649234?
534
Calculate the highest common divisor of 2422121 and 221.
13
Calculate the greatest common divisor of 42031589 and 2707.
2707
What is the highest common factor of 23 and 538776472?
23
What is the highest common factor of 48886500 and 30